{"id":19,"date":"2020-11-13T16:18:05","date_gmt":"2020-11-13T16:18:05","guid":{"rendered":"https:\/\/x-theme.net\/avas-mechanic\/?page_id=19"},"modified":"2023-11-08T14:55:45","modified_gmt":"2023-11-08T11:55:45","slug":"hizmetler","status":"publish","type":"page","link":"https:\/\/07antalyacilingir.com\/index.php\/hizmetler\/","title":{"rendered":"Hizmetler"},"content":{"rendered":"\t\t<div data-elementor-type=\"wp-page\" data-elementor-id=\"19\" class=\"elementor elementor-19\">\n\t\t\t\t\t\t\t\t\t<section class=\"elementor-section elementor-top-section elementor-element elementor-element-46248cf elementor-section-stretched elementor-section-boxed elementor-section-height-default elementor-section-height-default\" data-id=\"46248cf\" data-element_type=\"section\" data-settings=\"{&quot;stretch_section&quot;:&quot;section-stretched&quot;,&quot;background_background&quot;:&quot;classic&quot;}\">\n\t\t\t\t\t\t<div class=\"elementor-container elementor-column-gap-no\">\n\t\t\t\t\t<div class=\"elementor-column elementor-col-100 elementor-top-column elementor-element elementor-element-6bb21a1\" data-id=\"6bb21a1\" data-element_type=\"column\">\n\t\t\t<div class=\"elementor-widget-wrap elementor-element-populated\">\n\t\t\t\t\t\t\t\t<div class=\"elementor-element elementor-element-e316797 elementor-widget elementor-widget-spacer\" data-id=\"e316797\" data-element_type=\"widget\" data-widget_type=\"spacer.default\">\n\t\t\t\t<div class=\"elementor-widget-container\">\n\t\t\t<style>\/*! elementor - v3.17.0 - 01-11-2023 *\/\n.elementor-column .elementor-spacer-inner{height:var(--spacer-size)}.e-con{--container-widget-width:100%}.e-con-inner>.elementor-widget-spacer,.e-con>.elementor-widget-spacer{width:var(--container-widget-width,var(--spacer-size));--align-self:var(--container-widget-align-self,initial);--flex-shrink:0}.e-con-inner>.elementor-widget-spacer>.elementor-widget-container,.e-con>.elementor-widget-spacer>.elementor-widget-container{height:100%;width:100%}.e-con-inner>.elementor-widget-spacer>.elementor-widget-container>.elementor-spacer,.e-con>.elementor-widget-spacer>.elementor-widget-container>.elementor-spacer{height:100%}.e-con-inner>.elementor-widget-spacer>.elementor-widget-container>.elementor-spacer>.elementor-spacer-inner,.e-con>.elementor-widget-spacer>.elementor-widget-container>.elementor-spacer>.elementor-spacer-inner{height:var(--container-widget-height,var(--spacer-size))}.e-con-inner>.elementor-widget-spacer.elementor-widget-empty,.e-con>.elementor-widget-spacer.elementor-widget-empty{position:relative;min-height:22px;min-width:22px}.e-con-inner>.elementor-widget-spacer.elementor-widget-empty .elementor-widget-empty-icon,.e-con>.elementor-widget-spacer.elementor-widget-empty .elementor-widget-empty-icon{position:absolute;top:0;bottom:0;left:0;right:0;margin:auto;padding:0;width:22px;height:22px}<\/style>\t\t<div class=\"elementor-spacer\">\n\t\t\t<div class=\"elementor-spacer-inner\"><\/div>\n\t\t<\/div>\n\t\t\t\t<\/div>\n\t\t\t\t<\/div>\n\t\t\t\t<div class=\"elementor-element elementor-element-ee5f98c elementor-widget elementor-widget-spacer\" data-id=\"ee5f98c\" data-element_type=\"widget\" data-widget_type=\"spacer.default\">\n\t\t\t\t<div class=\"elementor-widget-container\">\n\t\t\t\t\t<div class=\"elementor-spacer\">\n\t\t\t<div class=\"elementor-spacer-inner\"><\/div>\n\t\t<\/div>\n\t\t\t\t<\/div>\n\t\t\t\t<\/div>\n\t\t\t\t<div class=\"elementor-element elementor-element-b9a39f2 tx-hd-align-center elementor-invisible elementor-widget elementor-widget-avas-heading\" data-id=\"b9a39f2\" data-element_type=\"widget\" data-settings=\"{&quot;_animation&quot;:&quot;fadeIn&quot;}\" data-widget_type=\"avas-heading.default\">\n\t\t\t\t<div class=\"elementor-widget-container\">\n\t\t\t        <div class=\"tx-hd-wrap\">\n\n            <div class=\"tx-hd-wm\"><\/div>\n\n            \n            <div class=\"tx-hd-sub\"><\/div>\n                        <h2 class=\"tx-hd-title\">\n                <span class=\"tx-hd-first-part\">Neler Yap\u0131yoruz ? <\/span>\n                <span class=\"tx-hd-last-part\"><\/span>\n            <\/h2>    \n            \n            <div class=\"tx-hd-desc\"><\/div>\n\n\n                   \n        <\/div><!-- tx-hd-wrap -->\n\n\n\n\n\n\n\n\n\t\t<\/div>\n\t\t\t\t<\/div>\n\t\t\t\t<div class=\"elementor-element elementor-element-eaacb07 elementor-widget-divider--view-line_icon elementor-view-default elementor-widget-divider--element-align-center elementor-invisible elementor-widget elementor-widget-divider\" data-id=\"eaacb07\" data-element_type=\"widget\" data-settings=\"{&quot;_animation&quot;:&quot;fadeIn&quot;}\" data-widget_type=\"divider.default\">\n\t\t\t\t<div class=\"elementor-widget-container\">\n\t\t\t<style>\/*! elementor - v3.17.0 - 01-11-2023 *\/\n.elementor-widget-divider{--divider-border-style:none;--divider-border-width:1px;--divider-color:#0c0d0e;--divider-icon-size:20px;--divider-element-spacing:10px;--divider-pattern-height:24px;--divider-pattern-size:20px;--divider-pattern-url:none;--divider-pattern-repeat:repeat-x}.elementor-widget-divider .elementor-divider{display:flex}.elementor-widget-divider .elementor-divider__text{font-size:15px;line-height:1;max-width:95%}.elementor-widget-divider .elementor-divider__element{margin:0 var(--divider-element-spacing);flex-shrink:0}.elementor-widget-divider .elementor-icon{font-size:var(--divider-icon-size)}.elementor-widget-divider .elementor-divider-separator{display:flex;margin:0;direction:ltr}.elementor-widget-divider--view-line_icon .elementor-divider-separator,.elementor-widget-divider--view-line_text .elementor-divider-separator{align-items:center}.elementor-widget-divider--view-line_icon .elementor-divider-separator:after,.elementor-widget-divider--view-line_icon .elementor-divider-separator:before,.elementor-widget-divider--view-line_text .elementor-divider-separator:after,.elementor-widget-divider--view-line_text .elementor-divider-separator:before{display:block;content:\"\";border-bottom:0;flex-grow:1;border-top:var(--divider-border-width) var(--divider-border-style) var(--divider-color)}.elementor-widget-divider--element-align-left .elementor-divider .elementor-divider-separator>.elementor-divider__svg:first-of-type{flex-grow:0;flex-shrink:100}.elementor-widget-divider--element-align-left .elementor-divider-separator:before{content:none}.elementor-widget-divider--element-align-left .elementor-divider__element{margin-left:0}.elementor-widget-divider--element-align-right .elementor-divider .elementor-divider-separator>.elementor-divider__svg:last-of-type{flex-grow:0;flex-shrink:100}.elementor-widget-divider--element-align-right .elementor-divider-separator:after{content:none}.elementor-widget-divider--element-align-right .elementor-divider__element{margin-right:0}.elementor-widget-divider:not(.elementor-widget-divider--view-line_text):not(.elementor-widget-divider--view-line_icon) .elementor-divider-separator{border-top:var(--divider-border-width) var(--divider-border-style) var(--divider-color)}.elementor-widget-divider--separator-type-pattern{--divider-border-style:none}.elementor-widget-divider--separator-type-pattern.elementor-widget-divider--view-line .elementor-divider-separator,.elementor-widget-divider--separator-type-pattern:not(.elementor-widget-divider--view-line) .elementor-divider-separator:after,.elementor-widget-divider--separator-type-pattern:not(.elementor-widget-divider--view-line) .elementor-divider-separator:before,.elementor-widget-divider--separator-type-pattern:not([class*=elementor-widget-divider--view]) .elementor-divider-separator{width:100%;min-height:var(--divider-pattern-height);-webkit-mask-size:var(--divider-pattern-size) 100%;mask-size:var(--divider-pattern-size) 100%;-webkit-mask-repeat:var(--divider-pattern-repeat);mask-repeat:var(--divider-pattern-repeat);background-color:var(--divider-color);-webkit-mask-image:var(--divider-pattern-url);mask-image:var(--divider-pattern-url)}.elementor-widget-divider--no-spacing{--divider-pattern-size:auto}.elementor-widget-divider--bg-round{--divider-pattern-repeat:round}.rtl .elementor-widget-divider .elementor-divider__text{direction:rtl}.e-con-inner>.elementor-widget-divider,.e-con>.elementor-widget-divider{width:var(--container-widget-width,100%);--flex-grow:var(--container-widget-flex-grow)}<\/style>\t\t<div class=\"elementor-divider\">\n\t\t\t<span class=\"elementor-divider-separator\">\n\t\t\t\t\t\t\t<div class=\"elementor-icon elementor-divider__element\">\n\t\t\t\t\t<i aria-hidden=\"true\" class=\"fas fa-users-cog\"><\/i><\/div>\n\t\t\t\t\t\t<\/span>\n\t\t<\/div>\n\t\t\t\t<\/div>\n\t\t\t\t<\/div>\n\t\t\t\t<div class=\"elementor-element elementor-element-1af5ea9 elementor-invisible elementor-widget elementor-widget-avas-profile-carousel\" data-id=\"1af5ea9\" data-element_type=\"widget\" data-settings=\"{&quot;_animation&quot;:&quot;fadeIn&quot;}\" data-widget_type=\"avas-profile-carousel.default\">\n\t\t\t\t<div class=\"elementor-widget-container\">\n\t\t\t\r\n        <div class=\"tx-profile-wrap   style-1\" >\r\n            <div class=\"tx-carousel owl-carousel owl-theme\" data-settings=\"{&quot;autoplay&quot;:true,&quot;autoplay_timeout&quot;:2500,&quot;smart_speed&quot;:800,&quot;pause_on_hover&quot;:true,&quot;loop&quot;:true,&quot;display_mobile&quot;:1,&quot;display_tablet&quot;:3,&quot;display_laptop&quot;:3,&quot;display_desktop&quot;:4,&quot;gutter&quot;:30}\" >\r\n                                       <div class=\"tx-profile-content-wrap\">\r\n                                                        <div class=\"tx-profile-image\"><img decoding=\"async\" src=\"https:\/\/07antalyacilingir.com\/wp-content\/uploads\/2023\/11\/antalya-cilingir-cagir-hizli.jpg\" alt=\"Antalya \u00c7ilingir\">\r\n                            <\/div><!-- tx-profile-image -->\r\n                                                        <div class=\"tx-profile-content\">\r\n                                                                   <a href=\"https:\/\/07antalyacilingir.com\/index.php\/antalya-cilingir\/\"><h4 class=\"tx-profile-name\">Antalya \u00c7ilingir<\/h4><\/a>\r\n                                \r\n                                                                <div class=\"tx-profile-position\">\u00c7ilingir<\/div>\r\n                                <div class=\"tx-profile-details\"><\/div>\r\n                                \r\n        <div class=\"tx-social-profile\">\r\n                                                                                                          \r\n                                <\/div><!-- tx-social-profile -->\r\n\r\n     \r\n                            <\/div><!-- tx-profile-content -->\r\n                        <\/div><!-- tx-profile-content-wrap -->\r\n                                       <div class=\"tx-profile-content-wrap\">\r\n                                                        <div class=\"tx-profile-image\"><img decoding=\"async\" src=\"https:\/\/07antalyacilingir.com\/wp-content\/uploads\/2023\/11\/antalya-cilingir-kepez-gece-acik.jpg\" alt=\"Kepez \u00c7ilingir\">\r\n                            <\/div><!-- tx-profile-image -->\r\n                                                        <div class=\"tx-profile-content\">\r\n                                                                   <a href=\"https:\/\/07antalyacilingir.com\/index.php\/kepez-cilingir\/\"><h4 class=\"tx-profile-name\">Kepez \u00c7ilingir<\/h4><\/a>\r\n                                \r\n                                                                <div class=\"tx-profile-position\">\u00c7ilingir<\/div>\r\n                                <div class=\"tx-profile-details\"><\/div>\r\n                                \r\n        <div class=\"tx-social-profile\">\r\n                                                                                                          \r\n                                <\/div><!-- tx-social-profile -->\r\n\r\n     \r\n                            <\/div><!-- tx-profile-content -->\r\n                        <\/div><!-- tx-profile-content-wrap -->\r\n                                       <div class=\"tx-profile-content-wrap\">\r\n                                                        <div class=\"tx-profile-image\"><img decoding=\"async\" src=\"https:\/\/07antalyacilingir.com\/wp-content\/uploads\/2023\/11\/lara-cilingir-cilingir-antalya-acik-gece.jpg\" alt=\"Lara \u00c7ilingir\">\r\n                            <\/div><!-- tx-profile-image -->\r\n                                                        <div class=\"tx-profile-content\">\r\n                                                                   <a href=\"https:\/\/07antalyacilingir.com\/index.php\/lara-cilingir\/\"><h4 class=\"tx-profile-name\">Lara \u00c7ilingir<\/h4><\/a>\r\n                                \r\n                                                                <div class=\"tx-profile-position\">\u00c7ilingir<\/div>\r\n                                <div class=\"tx-profile-details\"><\/div>\r\n                                \r\n        <div class=\"tx-social-profile\">\r\n                                                                                                          \r\n                                <\/div><!-- tx-social-profile -->\r\n\r\n     \r\n                            <\/div><!-- tx-profile-content -->\r\n                        <\/div><!-- tx-profile-content-wrap -->\r\n                                       <div class=\"tx-profile-content-wrap\">\r\n                                                        <div class=\"tx-profile-image\"><img decoding=\"async\" src=\"https:\/\/07antalyacilingir.com\/wp-content\/uploads\/2023\/11\/konyaalti-cilingir-firmasi-ev-araba-oto.jpg\" alt=\"Konyaalt\u0131 \u00c7ilingir\">\r\n                            <\/div><!-- tx-profile-image -->\r\n                                                        <div class=\"tx-profile-content\">\r\n                                                                   <a href=\"https:\/\/07antalyacilingir.com\/index.php\/konyaalti-cilingir\/\"><h4 class=\"tx-profile-name\">Konyaalt\u0131 \u00c7ilingir<\/h4><\/a>\r\n                                \r\n                                                                <div class=\"tx-profile-position\">\u00c7ilingir<\/div>\r\n                                <div class=\"tx-profile-details\"><\/div>\r\n                                \r\n        <div class=\"tx-social-profile\">\r\n                                                                                                          \r\n                                <\/div><!-- tx-social-profile -->\r\n\r\n     \r\n                            <\/div><!-- tx-profile-content -->\r\n                        <\/div><!-- tx-profile-content-wrap -->\r\n                                       <div class=\"tx-profile-content-wrap\">\r\n                                                        <div class=\"tx-profile-image\"><img decoding=\"async\" src=\"https:\/\/07antalyacilingir.com\/wp-content\/uploads\/2023\/11\/oto-cilingir-araba-antalya-kepez-muratpasa-lara-konyaalti.jpg\" alt=\"Oto \u00c7ilingir\">\r\n                            <\/div><!-- tx-profile-image -->\r\n                                                        <div class=\"tx-profile-content\">\r\n                                                                   <a href=\"https:\/\/07antalyacilingir.com\/index.php\/oto-cilingir\/\"><h4 class=\"tx-profile-name\">Oto \u00c7ilingir<\/h4><\/a>\r\n                                \r\n                                                                <div class=\"tx-profile-position\">\u00c7ilingir<\/div>\r\n                                <div class=\"tx-profile-details\"><\/div>\r\n                                \r\n        <div class=\"tx-social-profile\">\r\n                                                                                                          \r\n                                <\/div><!-- tx-social-profile -->\r\n\r\n     \r\n                            <\/div><!-- tx-profile-content -->\r\n                        <\/div><!-- tx-profile-content-wrap -->\r\n                                       <div class=\"tx-profile-content-wrap\">\r\n                                                        <div class=\"tx-profile-image\"><img decoding=\"async\" src=\"https:\/\/07antalyacilingir.com\/wp-content\/uploads\/2023\/11\/antalya-cilingir-7x24-1.jpg\" alt=\"Konut \u00c7ilingir\">\r\n                            <\/div><!-- tx-profile-image -->\r\n                                                        <div class=\"tx-profile-content\">\r\n                                                                   <a href=\"https:\/\/07antalyacilingir.com\/index.php\/konut-cilingir\/\"><h4 class=\"tx-profile-name\">Konut \u00c7ilingir<\/h4><\/a>\r\n                                \r\n                                                                <div class=\"tx-profile-position\">\u00c7ilingir<\/div>\r\n                                <div class=\"tx-profile-details\"><\/div>\r\n                                \r\n        <div class=\"tx-social-profile\">\r\n                                                                                                          \r\n                                <\/div><!-- tx-social-profile -->\r\n\r\n     \r\n                            <\/div><!-- tx-profile-content -->\r\n                        <\/div><!-- tx-profile-content-wrap -->\r\n                           <\/div><!-- tx-carousel -->\r\n        <\/div><!-- tx-profile-wrap --> \r\n\r\n\t\t<\/div>\n\t\t\t\t<\/div>\n\t\t\t\t\t<\/div>\n\t\t<\/div>\n\t\t\t\t\t\t\t<\/div>\n\t\t<\/section>\n\t\t<div class=\"elementor-element elementor-element-965345b e-flex e-con-boxed e-con e-parent\" data-id=\"965345b\" data-element_type=\"container\" data-settings=\"{&quot;content_width&quot;:&quot;boxed&quot;}\" data-core-v316-plus=\"true\">\n\t\t\t\t\t<div class=\"e-con-inner\">\n\t\t\t\t<div class=\"elementor-element elementor-element-07c196b elementor-widget elementor-widget-spacer\" data-id=\"07c196b\" data-element_type=\"widget\" data-widget_type=\"spacer.default\">\n\t\t\t\t<div class=\"elementor-widget-container\">\n\t\t\t\t\t<div class=\"elementor-spacer\">\n\t\t\t<div class=\"elementor-spacer-inner\"><\/div>\n\t\t<\/div>\n\t\t\t\t<\/div>\n\t\t\t\t<\/div>\n\t\t\t\t\t<\/div>\n\t\t\t\t<\/div>\n\t\t\t\t\t\t\t<\/div>\n\t\t","protected":false},"excerpt":{"rendered":"<p class=\"tx-excerpt\">Neler Yap\u0131yoruz ? Antalya \u00c7ilingir \u00c7ilingir Kepez \u00c7ilingir \u00c7ilingir Lara \u00c7ilingir \u00c7ilingir Konyaalt\u0131 \u00c7ilingir \u00c7ilingir Oto \u00c7ilingir \u00c7ilingir","protected":false},"author":1,"featured_media":0,"parent":0,"menu_order":0,"comment_status":"closed","ping_status":"closed","template":"templates\/blank.php","meta":{"footnotes":""},"yoast_head":"<!-- This site is optimized with the Yoast SEO plugin v21.5 - https:\/\/yoast.com\/wordpress\/plugins\/seo\/ -->\n<title>Hizmetler - Antalya cilingir<\/title>\n<meta name=\"robots\" content=\"index, follow, max-snippet:-1, max-image-preview:large, max-video-preview:-1\" \/>\n<link rel=\"canonical\" href=\"https:\/\/07antalyacilingir.com\/index.php\/hizmetler\/\" \/>\n<meta property=\"og:locale\" content=\"en_US\" \/>\n<meta property=\"og:type\" content=\"article\" \/>\n<meta property=\"og:title\" content=\"Hizmetler - Antalya cilingir\" \/>\n<meta property=\"og:description\" content=\"Neler Yap\u0131yoruz ? Antalya \u00c7ilingir \u00c7ilingir Kepez \u00c7ilingir \u00c7ilingir Lara \u00c7ilingir \u00c7ilingir Konyaalt\u0131 \u00c7ilingir \u00c7ilingir Oto \u00c7ilingir \u00c7ilingir Konut \u00c7ilingir \u00c7ilingir\" \/>\n<meta property=\"og:url\" content=\"https:\/\/07antalyacilingir.com\/index.php\/hizmetler\/\" \/>\n<meta property=\"og:site_name\" content=\"Antalya cilingir\" \/>\n<meta property=\"article:modified_time\" content=\"2023-11-08T11:55:45+00:00\" \/>\n<meta property=\"og:image\" content=\"https:\/\/07antalyacilingir.com\/wp-content\/uploads\/2023\/11\/antalya-cilingir-cagir-hizli.jpg\" \/>\n<meta name=\"twitter:card\" content=\"summary_large_image\" \/>\n<script type=\"application\/ld+json\" class=\"yoast-schema-graph\">{\"@context\":\"https:\/\/schema.org\",\"@graph\":[{\"@type\":\"WebPage\",\"@id\":\"https:\/\/07antalyacilingir.com\/index.php\/hizmetler\/\",\"url\":\"https:\/\/07antalyacilingir.com\/index.php\/hizmetler\/\",\"name\":\"Hizmetler - Antalya cilingir\",\"isPartOf\":{\"@id\":\"https:\/\/07antalyacilingir.com\/#website\"},\"datePublished\":\"2020-11-13T16:18:05+00:00\",\"dateModified\":\"2023-11-08T11:55:45+00:00\",\"breadcrumb\":{\"@id\":\"https:\/\/07antalyacilingir.com\/index.php\/hizmetler\/#breadcrumb\"},\"inLanguage\":\"en-US\",\"potentialAction\":[{\"@type\":\"ReadAction\",\"target\":[\"https:\/\/07antalyacilingir.com\/index.php\/hizmetler\/\"]}]},{\"@type\":\"BreadcrumbList\",\"@id\":\"https:\/\/07antalyacilingir.com\/index.php\/hizmetler\/#breadcrumb\",\"itemListElement\":[{\"@type\":\"ListItem\",\"position\":1,\"name\":\"Anasayfa\",\"item\":\"https:\/\/07antalyacilingir.com\/\"},{\"@type\":\"ListItem\",\"position\":2,\"name\":\"Hizmetler\"}]},{\"@type\":\"WebSite\",\"@id\":\"https:\/\/07antalyacilingir.com\/#website\",\"url\":\"https:\/\/07antalyacilingir.com\/\",\"name\":\"Antalya cilingir\",\"description\":\"\",\"publisher\":{\"@id\":\"https:\/\/07antalyacilingir.com\/#organization\"},\"potentialAction\":[{\"@type\":\"SearchAction\",\"target\":{\"@type\":\"EntryPoint\",\"urlTemplate\":\"https:\/\/07antalyacilingir.com\/?s={search_term_string}\"},\"query-input\":\"required name=search_term_string\"}],\"inLanguage\":\"en-US\"},{\"@type\":\"Organization\",\"@id\":\"https:\/\/07antalyacilingir.com\/#organization\",\"name\":\"Antalya \u00e7ilingir\",\"alternateName\":\"ev anahtar \u00e7ilingir oto \u00e7ilingir hizmeti\",\"url\":\"https:\/\/07antalyacilingir.com\/\",\"logo\":{\"@type\":\"ImageObject\",\"inLanguage\":\"en-US\",\"@id\":\"https:\/\/07antalyacilingir.com\/#\/schema\/logo\/image\/\",\"url\":\"https:\/\/07antalyacilingir.com\/wp-content\/uploads\/2023\/11\/Basliksiz-8.png\",\"contentUrl\":\"https:\/\/07antalyacilingir.com\/wp-content\/uploads\/2023\/11\/Basliksiz-8.png\",\"width\":239,\"height\":35,\"caption\":\"Antalya \u00e7ilingir\"},\"image\":{\"@id\":\"https:\/\/07antalyacilingir.com\/#\/schema\/logo\/image\/\"}}]}<\/script>\n<!-- \/ Yoast SEO plugin. -->","yoast_head_json":{"title":"Hizmetler - Antalya cilingir","robots":{"index":"index","follow":"follow","max-snippet":"max-snippet:-1","max-image-preview":"max-image-preview:large","max-video-preview":"max-video-preview:-1"},"canonical":"https:\/\/07antalyacilingir.com\/index.php\/hizmetler\/","og_locale":"en_US","og_type":"article","og_title":"Hizmetler - Antalya cilingir","og_description":"Neler Yap\u0131yoruz ? Antalya \u00c7ilingir \u00c7ilingir Kepez \u00c7ilingir \u00c7ilingir Lara \u00c7ilingir \u00c7ilingir Konyaalt\u0131 \u00c7ilingir \u00c7ilingir Oto \u00c7ilingir \u00c7ilingir Konut \u00c7ilingir \u00c7ilingir","og_url":"https:\/\/07antalyacilingir.com\/index.php\/hizmetler\/","og_site_name":"Antalya cilingir","article_modified_time":"2023-11-08T11:55:45+00:00","og_image":[{"url":"https:\/\/07antalyacilingir.com\/wp-content\/uploads\/2023\/11\/antalya-cilingir-cagir-hizli.jpg"}],"twitter_card":"summary_large_image","schema":{"@context":"https:\/\/schema.org","@graph":[{"@type":"WebPage","@id":"https:\/\/07antalyacilingir.com\/index.php\/hizmetler\/","url":"https:\/\/07antalyacilingir.com\/index.php\/hizmetler\/","name":"Hizmetler - Antalya cilingir","isPartOf":{"@id":"https:\/\/07antalyacilingir.com\/#website"},"datePublished":"2020-11-13T16:18:05+00:00","dateModified":"2023-11-08T11:55:45+00:00","breadcrumb":{"@id":"https:\/\/07antalyacilingir.com\/index.php\/hizmetler\/#breadcrumb"},"inLanguage":"en-US","potentialAction":[{"@type":"ReadAction","target":["https:\/\/07antalyacilingir.com\/index.php\/hizmetler\/"]}]},{"@type":"BreadcrumbList","@id":"https:\/\/07antalyacilingir.com\/index.php\/hizmetler\/#breadcrumb","itemListElement":[{"@type":"ListItem","position":1,"name":"Anasayfa","item":"https:\/\/07antalyacilingir.com\/"},{"@type":"ListItem","position":2,"name":"Hizmetler"}]},{"@type":"WebSite","@id":"https:\/\/07antalyacilingir.com\/#website","url":"https:\/\/07antalyacilingir.com\/","name":"Antalya cilingir","description":"","publisher":{"@id":"https:\/\/07antalyacilingir.com\/#organization"},"potentialAction":[{"@type":"SearchAction","target":{"@type":"EntryPoint","urlTemplate":"https:\/\/07antalyacilingir.com\/?s={search_term_string}"},"query-input":"required name=search_term_string"}],"inLanguage":"en-US"},{"@type":"Organization","@id":"https:\/\/07antalyacilingir.com\/#organization","name":"Antalya \u00e7ilingir","alternateName":"ev anahtar \u00e7ilingir oto \u00e7ilingir hizmeti","url":"https:\/\/07antalyacilingir.com\/","logo":{"@type":"ImageObject","inLanguage":"en-US","@id":"https:\/\/07antalyacilingir.com\/#\/schema\/logo\/image\/","url":"https:\/\/07antalyacilingir.com\/wp-content\/uploads\/2023\/11\/Basliksiz-8.png","contentUrl":"https:\/\/07antalyacilingir.com\/wp-content\/uploads\/2023\/11\/Basliksiz-8.png","width":239,"height":35,"caption":"Antalya \u00e7ilingir"},"image":{"@id":"https:\/\/07antalyacilingir.com\/#\/schema\/logo\/image\/"}}]}},"_links":{"self":[{"href":"https:\/\/07antalyacilingir.com\/index.php\/wp-json\/wp\/v2\/pages\/19"}],"collection":[{"href":"https:\/\/07antalyacilingir.com\/index.php\/wp-json\/wp\/v2\/pages"}],"about":[{"href":"https:\/\/07antalyacilingir.com\/index.php\/wp-json\/wp\/v2\/types\/page"}],"author":[{"embeddable":true,"href":"https:\/\/07antalyacilingir.com\/index.php\/wp-json\/wp\/v2\/users\/1"}],"replies":[{"embeddable":true,"href":"https:\/\/07antalyacilingir.com\/index.php\/wp-json\/wp\/v2\/comments?post=19"}],"version-history":[{"count":5,"href":"https:\/\/07antalyacilingir.com\/index.php\/wp-json\/wp\/v2\/pages\/19\/revisions"}],"predecessor-version":[{"id":1251,"href":"https:\/\/07antalyacilingir.com\/index.php\/wp-json\/wp\/v2\/pages\/19\/revisions\/1251"}],"wp:attachment":[{"href":"https:\/\/07antalyacilingir.com\/index.php\/wp-json\/wp\/v2\/media?parent=19"}],"curies":[{"name":"wp","href":"https:\/\/api.w.org\/{rel}","templated":true}]}}